)?
3
Suppose -3*u - 3*f + 2*f + 206 = 0, -2*f + 67 = u. Let c = -36 + u. Calculate the remainder when c is divided by 17.
16
Suppose -2*g = -3 - 3. Suppose i = g*a - 64, 0*a + 2*i - 33 = -a. Suppose -17 + 5 = -k. What is the remainder when a is divided by k?
11
Let g(r) = -8*r + 6. Let t(x) = -9*x + 7. Let f(a) = -3*g(a) + 2*t(a). Let q be f(-3). What is the remainder when 21 is divided by (-3)/(-2)*q/(-3)?
10
Suppose -18*r = -123 - 165. Calculate the remainder when 26 is divided by r.
10
Let k(l) = 34*l**2 - l - 1. Suppose 5*d = -4*r - 29, -3*r - r = 3*d + 19. Calculate the remainder when k(r) is divided by 18.
16
Let n = -4 + -2. Let y(p) = -4*p - 7. Suppose -4 - 143 = -3*z. Calculate the remainder when z is divided by y(n).
15
Let w(k) = -6*k**3 - 2*k**2 - 2*k - 3. Calculate the remainder when w(-2) is divided by 14.
13
Suppose 5 + 7 = 4*x. What is the remainder when (3 - -2) + (0 - x) is divided by 2?
0
Let r(d) = 2*d + 31. What is the remainder when r(-8) is divided by 2?
1
Suppose 5 = -u + 16. Calculate the remainder when 40 is divided by u.
7
Suppose 0 = 2*s + s. Suppose s = 2*a - 2*l - 24, -2*a = -3*a - 2*l. What is the remainder when a is divided by 5?
3
Suppose -4*h + 404 = 2*w - w, -3*w = 5*h - 498. Calculate the remainder when h is divided by 26.
24
Let y = 68 - 62. What is the remainder when 20 is divided by y?
2
Let n(h) = -4*h**3 - 7*h**2 - 2*h + 19. Let p(k) = -k**3 + k**2 - k + 1. Let d(u) = -n(u) + 5*p(u). Calculate the remainder when d(11) is divided by 19.
17
Let l(k) = 4*k - 3. Let h be (-6)/(5 - 3) + 5. Calculate the remainder when 8 is divided by l(h).
3
Let c(i) = i**2 + 5*i + 2. Let g = 12 - -2. What is the remainder when g is divided by c(-6)?
6
Suppose 4*x + 310 = 5*l, -6*l + 2*l - x + 227 = 0. Let i = 161 - 60. Let f = i - l. Calculate the remainder when f is divided by 15.
13
Let h(w) be the second derivative of 25*w**3/6 + w**2/2 - 4*w. Calculate the remainder when h(1) is divided by 14.
12
What is the remainder when 19 is divided by (-3)/2 + 92/8?
9
Let f(z) be the third derivative of z**6/120 - 3*z**5/20 + z**4/3 + 11*z**3/6 + 2*z**2. Calculate the remainder when 32 is divided by f(8).
10
Let l be 3/15 + (-42)/10. What is the remainder when 52 - (2*-4)/l is divided by 17?
16
Let g(o) = -o**3 - 7*o**2 + 13. What is the remainder when 61 is divided by g(-7)?
9
Suppose -2*z + 17 = -79. Calculate the remainder when z is divided by 22.
4
Suppose 10*w - 172 + 52 = 0. What is the remainder when 35 is divided by w?
11
Suppose 5*k - 4*k - 10 = 0. Calculate the remainder when (3 - (-6)/(-3))*29 is divided by k.
9
Suppose -2*p = 10, -5*h - 5*p = -h - 187. What is the remainder when h is divided by 15 - (-4 + (-3 - -8))?
11
Let t(h) = 2*h**2 - 6*h - 6. What is the remainder when ((-15)/(-3))/((-1)/(-5)) is divided by t(5)?
11
Suppose -g + 15 = -5*z + 5, -g + 2 = -z. What is the remainder when 8 is divided by (6/9)/(z/(-9))?
2
Suppose 5*a - 4*v - 170 = 0, 6 = a + 5*v - 28. What is the remainder when 203 is divided by a?
33
Let c(a) = 3*a**2 + 8*a - 5. Calculate the remainder when c(-6) is divided by 18 - (-1 - 0/(-2)).
17
Calculate the remainder when (-26)/(-2) - 1 - 2 is divided by 4/10 - (-112)/20.
4
Let b(n) = -18*n**3 + 2*n + 1. Let y be 0 - (1 + 2) - -2. Calculate the remainder when 49 is divided by b(y).
15
Suppose 3*y - 14 = -p, -3*p + 4*y = 5*y - 26. Let q be 0/(-1) + -2 + 5. Suppose 18 = q*o - 24. Calculate the remainder when o is divided by p.
6
Let p(b) = -b + 12. Let w be p(9). Suppose -4*d = -4, -w*m + 128 = -0*m + 2*d. Calculate the remainder when m is divided by 15.
12
Let f be 10/(-1)*1/2. Let b(z) be the third derivative of z**5/60 + z**4/12 - z**2. What is the remainder when 28 is divided by b(f)?
13
Let d be -5*12/(-5)*2. Suppose 2*x = 2*r - 7*r + 40, -3*r + 2*x = -d. Calculate the remainder when r is divided by 5.
3
Suppose x - 22 = 4*o, -3*x - 28*o + 30*o + 56 = 0. Suppose -2*y = 3*y - 170. Calculate the remainder when y is divided by x.
16
Suppose 3*j = 31 - 1. Let q = -3 - -6. Let l(w) = 9*w + 2. Calculate the remainder when l(q) is divided by j.
9
Let d(q) = q**3 - 11*q**2 + 10*q + 5. Let l be d(10). Calculate the remainder when 22 is divided by 38/l + (-14)/(-35).
6
Suppose 0*b = 3*b - 15. Let d(y) = 70*y**2 - 2*y + 1. Let r be d(1). Suppose 0 = b*c - r - 1. What is the remainder when 41 is divided by c?
13
Suppose 5*h + 2 = 17. What is the remainder when h is divided by 2?
1
Suppose -4 = 5*k - 29. Suppose -k*x + 60 = -x. What is the remainder when 44 is divided by x?
14
Let c(h) = -h**3 + 4*h**2 + 9*h + 6. Let z = 15 + -8. Calculate the remainder when c(5) is divided by z.
5
Suppose -4*y + 10 = y. Suppose 0 = b + b + y. Calculate the remainder when 13 is divided by -3 - -1 - (b + -5).
1
Let b(i) = -7*i + 6. Let u be b(-5). Let g = -18 + u. What is the remainder when 90 is divided by g?
21
Let h = 104 + -88. What is the remainder when 61 is divided by h?
13
Let g(f) = f + 4. Let j be g(-9). Let d(q) = -q**2 - 5*q + 3. What is the remainder when d(j) is divided by 2?
1
Let d be (-18)/(1/1)*-2. Suppose -q = -1, d = 2*g + g - 3*q. Suppose 3*n - 3*s = 69 + 6, -4*n - 5*s = -100. Calculate the remainder when n is divided by g.
12
Let g be (-1)/2 + 2/4. Suppose -2*b + b + 24 = g. Calculate the remainder when 49 + 525/(-147) + 8/14 is divided by b.
22
Suppose -4*v = -2*y - 3 - 21, 60 = -5*y + 3*v. Let k = -5 - y. Let j = k - -1. Calculate the remainder when 15 is divided by j.
7
Suppose 0 = -j - 2*c - 2*c + 35, 95 = 5*j + 4*c. What is the remainder when 3/(-6) + (-178)/(-4) is divided by j?
14
Let l = 27 - 15. Let w(i) = 5*i**2 + i - 1. What is the remainder when l is divided by w(1)?
2
Suppose 0 = -2*n + 276 + 160. Suppose -n = h - 3*h. Suppose 4*d - h + 21 = 0. What is the remainder when d is divided by 8?
6
Suppose v = -m - 3*m + 11, -6 = -3*m. Calculate the remainder when 80 + (-3 - v/(-3)) is divided by 27.
24
Calculate the remainder when ((-162)/(-15))/(2/20) is divided by 37.
34
What is the remainder when (-1)/1*(-2 - 3) is divided by 3?
2
Suppose -n + 19 = 2*r, -5*r = -5*n - 2*r + 56. What is the remainder when 90 is divided by n?
12
Let q(a) = a**3 + 7*a**2 - 3*a + 6. Suppose -2 - 3 = -5*s, 4*b - 54 = 2*s. What is the remainder when q(-7) is divided by b?
13
Let n = 79 - 51. What is the remainder when n is divided by 16?
12
Suppose -4*h = -2*h + m - 14, -5*m = -h + 7. Calculate the remainder when 12 - ((-1)/1 + 2) is divided by h.
4
What is the remainder when 36 is divided by ((-20)/(-6) - 3)*33?
3
Let b be ((-27)/36)/((-1)/(-24)). What is the remainder when 34 is divided by (1 - 1)/1 - b?
16
Let m = 4 + -4. Suppose -5*q + m*q + 5*h = -70, -54 = -5*q + h. Calculate the remainder when 28 is divided by q.
8
Suppose -2*k - 30 = -k. Calculate the remainder when k*(5/(-3) - -1) is divided by 7.
6
Let q(m) = m**2. Let d be q(-2). Suppose y = -4*n + 4*y + 57, d*n - 87 = -3*y. Calculate the remainder when 29 is divided by 148/n - (-6)/(-27).
5
Let n(v) = v**3 + 7*v**2 + v + 10. What is the remainder when n(-6) is divided by 7?
5
Suppose 8 = -2*m - 5*f + f, -4*f = 3*m + 6. Suppose 2*y - 16 = -m*y. What is the remainder when (-3)/(0 - 6)*12 is divided by y?
2
Let c(m) = -4*m - 10. Suppose 12 = 4*d - 4. Suppose -t + 29 = -d*z, -z + 0*z = -t + 5. What is the remainder when c(z) is divided by 8?
6
What is the remainder when (46/(-4))/(8/(-16)) is divided by 14?
9
Let q(a) = a**3 - 5*a**2 - 4*a + 3. Suppose 0 = 3*k - k - 12. Let g = 148 - 105. Calculate the remainder when g is divided by q(k).
13
Let j(n) = -6*n + 11. What is the remainder when j(-8) is divided by 15?
14
Suppose 3*i - 16 - 20 = 0. What is the remainder when 59 is divided by i?
11
Suppose 2*y - 263 + 205 = 0. Calculate the remainder when y is divided by 3.
2
Suppose 3*p - 83 = -2*x, -5*p + 74 = 3*x - 64. What is the remainder when 50 is divided by p?
23
Let y = -153 + 206. Calculate the remainder when 105 is divided by y.
52
Let v(j) = -j**3 + 10*j**2 - 8*j + 4. Let t be v(9). Let r = t + -9. Let m(b) = 5*b - 3. What is the remainder when m(r) is divided by 9?
8
Let m(l) = l**2 + l - 5. Calculate the remainder when m(7) is divided by 18.
15
Suppose 5*c = -5*y + 70, 5*y - 16 = 5*c + 34. Let n = 2 - 2. Suppose 2*b + n*b - 68 = 0. What is the re